{"id":629,"date":"2026-02-03T21:14:30","date_gmt":"2026-02-03T20:14:30","guid":{"rendered":"https:\/\/apartment-wien.at\/?page_id=629"},"modified":"2026-03-23T01:17:09","modified_gmt":"2026-03-23T00:17:09","slug":"interview","status":"publish","type":"page","link":"https:\/\/apartment-wien.at\/?page_id=629","title":{"rendered":"Interview"},"content":{"rendered":"\t\t<div data-elementor-type=\"wp-page\" data-elementor-id=\"629\" class=\"elementor elementor-629\" data-elementor-post-type=\"page\">\n\t\t\t\t<div class=\"elementor-element elementor-element-e6317e1 e-flex e-con-boxed e-con e-parent\" data-id=\"e6317e1\" data-element_type=\"container\" data-e-type=\"container\" id=\"infosiminterview\">\n\t\t\t\t\t<div class=\"e-con-inner\">\n\t\t\t\t<div class=\"elementor-element elementor-element-758cf47 elementor-widget elementor-widget-heading\" data-id=\"758cf47\" data-element_type=\"widget\" data-e-type=\"widget\" data-widget_type=\"heading.default\">\n\t\t\t\t\t<h2 class=\"elementor-heading-title elementor-size-default\">Wo sich Ihre Mitarbeiter wie zu Hause f\u00fchlen<\/h2>\t\t\t\t<\/div>\n\t\t\t\t<div class=\"elementor-element elementor-element-f46687b elementor-widget elementor-widget-text-editor\" data-id=\"f46687b\" data-element_type=\"widget\" data-e-type=\"widget\" data-widget_type=\"text-editor.default\">\n\t\t\t\t\t\t\t\t\t<p>Bei BeLLeArTi ist jedes Apartment ein kleines Gesamtkunstwerk. Gastgeber Dr. Rudolf Schweinhammer erz\u00e4hlt, wieso ihm jedes kleinste Detail am Herzen liegt und warum smarte Unternehmen Ihre Mitarbeiter bei BeLLeArTi wohnen lassen.\u00a0<\/p>\t\t\t\t\t\t\t\t<\/div>\n\t\t<div class=\"elementor-element elementor-element-ed9e724 e-con-full e-flex e-con e-child\" data-id=\"ed9e724\" data-element_type=\"container\" data-e-type=\"container\">\n\t\t<div class=\"elementor-element elementor-element-f9445f4 e-con-full e-flex e-con e-child\" data-id=\"f9445f4\" data-element_type=\"container\" data-e-type=\"container\">\n\t\t\t\t<div class=\"elementor-element elementor-element-48ee11e elementor-widget elementor-widget-heading\" data-id=\"48ee11e\" data-element_type=\"widget\" data-e-type=\"widget\" data-widget_type=\"heading.default\">\n\t\t\t\t\t<h3 class=\"elementor-heading-title elementor-size-default\">Was macht die BeLLeArTi Apartments so besonders?<\/h3>\t\t\t\t<\/div>\n\t\t\t\t<div class=\"elementor-element elementor-element-104c25b elementor-widget elementor-widget-text-editor\" data-id=\"104c25b\" data-element_type=\"widget\" data-e-type=\"widget\" data-widget_type=\"text-editor.default\">\n\t\t\t\t\t\t\t\t\t<p>Stellen Sie sich vor, Sie kommen in einer fremden Stadt an. M\u00fcde vom Flug, voller Erwartungen, aber auch ein wenig angespannt. Und dann \u00f6ffnen Sie die T\u00fcr zu einem Raum, der sich sofort vertraut anf\u00fchlt. Nicht nur k\u00fchl und funktional. Sondern warm, pers\u00f6nlich, mit Charakter. Genau das ist BeLLeArTi.<\/p>\t\t\t\t\t\t\t\t<\/div>\n\t\t\t\t<div class=\"elementor-element elementor-element-bc18962 elementor-widget elementor-widget-heading\" data-id=\"bc18962\" data-element_type=\"widget\" data-e-type=\"widget\" data-widget_type=\"heading.default\">\n\t\t\t\t\t<h3 class=\"elementor-heading-title elementor-size-default\">Wo liegen diese Apartments?<\/h3>\t\t\t\t<\/div>\n\t\t\t\t<div class=\"elementor-element elementor-element-35e44ff elementor-widget elementor-widget-text-editor\" data-id=\"35e44ff\" data-element_type=\"widget\" data-e-type=\"widget\" data-widget_type=\"text-editor.default\">\n\t\t\t\t\t\t\t\t\t<p>Unsere Apartments sind liebevoll renovierte Wiener Wohnungen. Wer hier ankommt, f\u00fchlt sich schnell wie daheim. Wir schaffen einen Standard, den man sonst nur aus den eigenen vier W\u00e4nden kennt \u2013 nur eben mitten in Wien.<\/p>\t\t\t\t\t\t\t\t<\/div>\n\t\t\t\t<div class=\"elementor-element elementor-element-d7c110e elementor-widget elementor-widget-heading\" data-id=\"d7c110e\" data-element_type=\"widget\" data-e-type=\"widget\" data-widget_type=\"heading.default\">\n\t\t\t\t\t<h3 class=\"elementor-heading-title elementor-size-default\">Wofu\u0308r steht BeLLeArTi u\u0308berhaupt?<\/h3>\t\t\t\t<\/div>\n\t\t\t\t<div class=\"elementor-element elementor-element-03b3cd6 elementor-widget elementor-widget-text-editor\" data-id=\"03b3cd6\" data-element_type=\"widget\" data-e-type=\"widget\" data-widget_type=\"text-editor.default\">\n\t\t\t\t\t\t\t\t\t<p>BeLLeArTi bedeutet \u201esch\u00f6ne Ku\u0308nste\u201c. Und das zieht sich durch alles, was wir tun. Wir wollten nie einfach nur Wohnungen vermieten. Sondern R\u00e4ume schaffen, die beru\u0308hren und inspirieren. Fu\u0308r Menschen, die fu\u0308r Wochen oder Monate in Wien leben und arbeiten.<\/p>\t\t\t\t\t\t\t\t<\/div>\n\t\t\t\t<\/div>\n\t\t<div class=\"elementor-element elementor-element-4b62738 e-con-full e-flex e-con e-child\" data-id=\"4b62738\" data-element_type=\"container\" data-e-type=\"container\">\n\t\t\t\t<div class=\"elementor-element elementor-element-ae0c106 elementor-widget elementor-widget-image\" data-id=\"ae0c106\" data-element_type=\"widget\" data-e-type=\"widget\" data-widget_type=\"image.default\">\n\t\t\t\t\t\t\t\t\t\t\t\t\t\t\t<img fetchpriority=\"high\" decoding=\"async\" width=\"1184\" height=\"2117\" src=\"https:\/\/apartment-wien.at\/wp-content\/uploads\/2026\/02\/Apartment-1.jpg\" class=\"attachment-full size-full wp-image-834\" alt=\"\" srcset=\"https:\/\/apartment-wien.at\/wp-content\/uploads\/2026\/02\/Apartment-1.jpg 1184w, https:\/\/apartment-wien.at\/wp-content\/uploads\/2026\/02\/Apartment-1-168x300.jpg 168w, https:\/\/apartment-wien.at\/wp-content\/uploads\/2026\/02\/Apartment-1-573x1024.jpg 573w, https:\/\/apartment-wien.at\/wp-content\/uploads\/2026\/02\/Apartment-1-768x1373.jpg 768w, https:\/\/apartment-wien.at\/wp-content\/uploads\/2026\/02\/Apartment-1-859x1536.jpg 859w, https:\/\/apartment-wien.at\/wp-content\/uploads\/2026\/02\/Apartment-1-1145x2048.jpg 1145w\" sizes=\"(max-width: 1184px) 100vw, 1184px\" \/>\t\t\t\t\t\t\t\t\t\t\t\t\t\t\t<\/div>\n\t\t\t\t<\/div>\n\t\t\t\t<\/div>\n\t\t<div class=\"elementor-element elementor-element-a61ae34 e-con-full e-flex e-con e-child\" data-id=\"a61ae34\" data-element_type=\"container\" data-e-type=\"container\">\n\t\t\t\t<div class=\"elementor-element elementor-element-4f9667a elementor-widget elementor-widget-heading\" data-id=\"4f9667a\" data-element_type=\"widget\" data-e-type=\"widget\" data-widget_type=\"heading.default\">\n\t\t\t\t\t<h3 class=\"elementor-heading-title elementor-size-default\">Woher stammen die Kunstwerke in den Apartments?<\/h3>\t\t\t\t<\/div>\n\t\t\t\t<div class=\"elementor-element elementor-element-4f8e53f elementor-widget elementor-widget-text-editor\" data-id=\"4f8e53f\" data-element_type=\"widget\" data-e-type=\"widget\" data-widget_type=\"text-editor.default\">\n\t\t\t\t\t\t\t\t\t<p>Jedes einzelne Werk, das bei uns h\u00e4ngt, ist pers\u00f6nlich ausgew\u00e4hlt. Der Gro\u00dfteil stammt aus Wien und Umgebung. Fu\u0308r unsere G\u00e4ste ist das ein echtes Highlight. Manche entdecken hier sogar ihre Lieblingsku\u0308nstler. Fu\u0308r andere ist die Kunst der unsichtbare Grund, warum sich alles so stimmig anfu\u0308hlt. Viele unserer G\u00e4ste sagen: \u201eIch wei\u00df gar nicht, warum, aber ich habe mich sofort wohlgefu\u0308hlt.\u201c Wir wissen, warum: Die Kunst macht den Unterschied.<\/p>\t\t\t\t\t\t\t\t<\/div>\n\t\t\t\t<div class=\"elementor-element elementor-element-4a0ea26 elementor-widget elementor-widget-heading\" data-id=\"4a0ea26\" data-element_type=\"widget\" data-e-type=\"widget\" data-widget_type=\"heading.default\">\n\t\t\t\t\t<h3 class=\"elementor-heading-title elementor-size-default\">Haben alle Apartments dieselbe Ausstattung?<\/h3>\t\t\t\t<\/div>\n\t\t\t\t<div class=\"elementor-element elementor-element-dd52941 elementor-widget elementor-widget-text-editor\" data-id=\"dd52941\" data-element_type=\"widget\" data-e-type=\"widget\" data-widget_type=\"text-editor.default\">\n\t\t\t\t\t\t\t\t\t<p>Alle Apartments haben eine Top-Ausstattung. Dazu z\u00e4hlt eine voll ausgestattete K\u00fcche mit Waschmaschine, WLAN, F\u00f6hn und B\u00fcgeleisen. Viele unserer Apartments haben einen Home Office Schreibtisch, manche sogar eine Sauna. Jeder findet nach seinen Bed\u00fcrfnissen und Vorlieben bei uns sein passendes Apartment.\u00a0<\/p>\t\t\t\t\t\t\t\t<\/div>\n\t\t\t\t<div class=\"elementor-element elementor-element-907d4e9 elementor-widget elementor-widget-heading\" data-id=\"907d4e9\" data-element_type=\"widget\" data-e-type=\"widget\" data-widget_type=\"heading.default\">\n\t\t\t\t\t<h3 class=\"elementor-heading-title elementor-size-default\">Mit all dieser Kunst und Top Ausstattung \u2013 ist die Miete eines BeLLeArTi Apartment teuer?<\/h3>\t\t\t\t<\/div>\n\t\t\t\t<div class=\"elementor-element elementor-element-e4717b5 elementor-widget elementor-widget-text-editor\" data-id=\"e4717b5\" data-element_type=\"widget\" data-e-type=\"widget\" data-widget_type=\"text-editor.default\">\n\t\t\t\t\t\t\t\t\tDas wird vermutet, aber das Gegenteil ist der Fall. Wer ein Hotelzimmer im Zentrum von Wien f\u00fcr mehrere Wochen bucht, zahlt rasch 2.500 \u20ac oder mehr pro Monat. Unsere Apartments gibt es schon ab 1.500 \u20ac und sie bieten sehr viel mehr Platz, Privatsph\u00e4re und Pers\u00f6nlichkeit. Und all das ohne Kaution und versteckte Kosten.\t\t\t\t\t\t\t\t<\/div>\n\t\t\t\t<div class=\"elementor-element elementor-element-a093945 elementor-widget elementor-widget-heading\" data-id=\"a093945\" data-element_type=\"widget\" data-e-type=\"widget\" data-widget_type=\"heading.default\">\n\t\t\t\t\t<h3 class=\"elementor-heading-title elementor-size-default\">Warum spielt Nachhaltigkeit bei BeLLeArTi eine so gro\u00dfe Rolle?<\/h3>\t\t\t\t<\/div>\n\t\t\t\t<div class=\"elementor-element elementor-element-6db73f1 elementor-widget elementor-widget-text-editor\" data-id=\"6db73f1\" data-element_type=\"widget\" data-e-type=\"widget\" data-widget_type=\"text-editor.default\">\n\t\t\t\t\t\t\t\t\t<p>Nachhaltigkeit ist f\u00fcr uns essentiell, da immer mehr G\u00e4ste Wohnungen bevorzugen, die Umweltverantwortung mit Komfort verbinden. Durch unsere nachhaltige Praktiken sichern wir die Lebensqualit\u00e4t k\u00fcnftiger Generationen und bieten ein authentisches Wohnerlebnis in einer der gr\u00fcnsten St\u00e4dte Europas.<\/p>\t\t\t\t\t\t\t\t<\/div>\n\t\t\t\t<\/div>\n\t\t\t\t\t<\/div>\n\t\t\t\t<\/div>\n\t\t<div class=\"elementor-element elementor-element-9807a1e e-flex e-con-boxed e-con e-parent\" data-id=\"9807a1e\" data-element_type=\"container\" data-e-type=\"container\">\n\t\t\t\t\t<div class=\"e-con-inner\">\n\t\t<div class=\"elementor-element elementor-element-5e232b6 e-con-full e-flex e-con e-child\" data-id=\"5e232b6\" data-element_type=\"container\" data-e-type=\"container\">\n\t\t\t\t<div class=\"elementor-element elementor-element-a369a37 elementor-widget__width-initial elementor-widget elementor-widget-image\" data-id=\"a369a37\" data-element_type=\"widget\" data-e-type=\"widget\" data-widget_type=\"image.default\">\n\t\t\t\t\t\t\t\t\t\t\t\t\t\t\t<img decoding=\"async\" width=\"2560\" height=\"1706\" src=\"https:\/\/apartment-wien.at\/wp-content\/uploads\/2026\/02\/Wien-1-scaled.webp\" class=\"attachment-full size-full wp-image-750\" alt=\"\" srcset=\"https:\/\/apartment-wien.at\/wp-content\/uploads\/2026\/02\/Wien-1-scaled.webp 2560w, https:\/\/apartment-wien.at\/wp-content\/uploads\/2026\/02\/Wien-1-300x200.webp 300w, https:\/\/apartment-wien.at\/wp-content\/uploads\/2026\/02\/Wien-1-1024x682.webp 1024w, https:\/\/apartment-wien.at\/wp-content\/uploads\/2026\/02\/Wien-1-768x512.webp 768w, https:\/\/apartment-wien.at\/wp-content\/uploads\/2026\/02\/Wien-1-1536x1024.webp 1536w, https:\/\/apartment-wien.at\/wp-content\/uploads\/2026\/02\/Wien-1-2048x1365.webp 2048w\" sizes=\"(max-width: 2560px) 100vw, 2560px\" \/>\t\t\t\t\t\t\t\t\t\t\t\t\t\t\t<\/div>\n\t\t\t\t<\/div>\n\t\t<div class=\"elementor-element elementor-element-004cab8 e-con-full e-flex e-con e-child\" data-id=\"004cab8\" data-element_type=\"container\" data-e-type=\"container\">\n\t\t\t\t<div class=\"elementor-element elementor-element-d8f4b96 elementor-widget elementor-widget-heading\" data-id=\"d8f4b96\" data-element_type=\"widget\" data-e-type=\"widget\" data-widget_type=\"heading.default\">\n\t\t\t\t\t<h3 class=\"elementor-heading-title elementor-size-default\">Aber ich muss kein Kunstkenner sein, um ein Apartment zu mieten, oder?<\/h3>\t\t\t\t<\/div>\n\t\t\t\t<div class=\"elementor-element elementor-element-1e33861 elementor-widget elementor-widget-text-editor\" data-id=\"1e33861\" data-element_type=\"widget\" data-e-type=\"widget\" data-widget_type=\"text-editor.default\">\n\t\t\t\t\t\t\t\t\t<p>Nat\u00fcrlich nicht. Unsere G\u00e4ste kommen aus allen beruflichen Bereichen und haben alle eines gemeinsam: Sie m\u00f6chten sich wohlf\u00fchlen. Denn wer f\u00fcr mehrere Wochen oder Monate in einer fremden Stadt lebt, will nicht nur einfach irgendwo \u00fcbernachten &#8211; und genau das macht BeLLeArTi m\u00f6glich.<\/p>\t\t\t\t\t\t\t\t<\/div>\n\t\t\t\t<div class=\"elementor-element elementor-element-d340544 elementor-widget elementor-widget-heading\" data-id=\"d340544\" data-element_type=\"widget\" data-e-type=\"widget\" data-widget_type=\"heading.default\">\n\t\t\t\t\t<h3 class=\"elementor-heading-title elementor-size-default\">Was sagen Sie jemandem, der noch z\u00f6gert, bei BeLLeArTi zu buchen?<\/h3>\t\t\t\t<\/div>\n\t\t\t\t<div class=\"elementor-element elementor-element-7012a7d elementor-widget elementor-widget-text-editor\" data-id=\"7012a7d\" data-element_type=\"widget\" data-e-type=\"widget\" data-widget_type=\"text-editor.default\">\n\t\t\t\t\t\t\t\t\t<p>Probieren Sie\u2019s aus! Vor allem, wenn Sie unser sch\u00f6nes Wien kennenlernen m\u00f6chten. Ich bin selbst in Wien geboren und die Liebe zur Stadt steckt in jedem Detail. Ein Apartment kann man \u00fcberall mieten, aber das Gef\u00fchl, wirklich anzukommen, finden Sie nicht an jeder Adresse.<\/p>\t\t\t\t\t\t\t\t<\/div>\n\t\t\t\t<\/div>\n\t\t\t\t\t<\/div>\n\t\t\t\t<\/div>\n\t\t<div class=\"elementor-element elementor-element-484d868 e-flex e-con-boxed e-con e-parent\" data-id=\"484d868\" data-element_type=\"container\" data-e-type=\"container\" data-settings=\"{&quot;background_background&quot;:&quot;classic&quot;}\">\n\t\t\t\t\t<div class=\"e-con-inner\">\n\t\t\t\t<div class=\"elementor-element elementor-element-c9ee1e6 elementor-align-center elementor-widget elementor-widget-button\" data-id=\"c9ee1e6\" data-element_type=\"widget\" data-e-type=\"widget\" data-widget_type=\"button.default\">\n\t\t\t\t\t\t\t\t\t\t<a class=\"elementor-button elementor-button-link elementor-size-sm\" href=\"https:\/\/www2.apartment-wien.at\/kontakt\/\" target=\"_blank\">\n\t\t\t\t\t\t<span class=\"elementor-button-content-wrapper\">\n\t\t\t\t\t\t\t\t\t<span class=\"elementor-button-text\">Jetzt buchen oder anfragen<\/span>\n\t\t\t\t\t<\/span>\n\t\t\t\t\t<\/a>\n\t\t\t\t\t\t\t\t<\/div>\n\t\t\t\t\t<\/div>\n\t\t\t\t<\/div>\n\t\t\t\t<\/div>\n\t\t","protected":false},"excerpt":{"rendered":"<p>Wo sich Ihre Mitarbeiter wie zu Hause f\u00fchlen Bei BeLLeArTi ist jedes Apartment ein kleines Gesamtkunstwerk. Gastgeber Dr. Rudolf Schweinhammer erz\u00e4hlt, wieso ihm jedes kleinste Detail am Herzen liegt und warum smarte Unternehmen Ihre Mitarbeiter bei BeLLeArTi wohnen lassen.\u00a0 Was macht die BeLLeArTi Apartments so besonders? Stellen Sie sich vor, Sie kommen in einer fremden [&hellip;]<\/p>\n","protected":false},"author":5,"featured_media":0,"parent":0,"menu_order":0,"comment_status":"closed","ping_status":"closed","template":"elementor_header_footer","meta":{"footnotes":""},"class_list":["post-629","page","type-page","status-publish","hentry"],"_links":{"self":[{"href":"https:\/\/apartment-wien.at\/index.php?rest_route=\/wp\/v2\/pages\/629","targetHints":{"allow":["GET"]}}],"collection":[{"href":"https:\/\/apartment-wien.at\/index.php?rest_route=\/wp\/v2\/pages"}],"about":[{"href":"https:\/\/apartment-wien.at\/index.php?rest_route=\/wp\/v2\/types\/page"}],"author":[{"embeddable":true,"href":"https:\/\/apartment-wien.at\/index.php?rest_route=\/wp\/v2\/users\/5"}],"replies":[{"embeddable":true,"href":"https:\/\/apartment-wien.at\/index.php?rest_route=%2Fwp%2Fv2%2Fcomments&post=629"}],"version-history":[{"count":100,"href":"https:\/\/apartment-wien.at\/index.php?rest_route=\/wp\/v2\/pages\/629\/revisions"}],"predecessor-version":[{"id":878,"href":"https:\/\/apartment-wien.at\/index.php?rest_route=\/wp\/v2\/pages\/629\/revisions\/878"}],"wp:attachment":[{"href":"https:\/\/apartment-wien.at\/index.php?rest_route=%2Fwp%2Fv2%2Fmedia&parent=629"}],"curies":[{"name":"wp","href":"https:\/\/api.w.org\/{rel}","templated":true}]}}